ppose 0 = -6*y + y - 2*h - 28, y = -5*h - 24. Let n be (-19)/(-4) + 3/(-4). Is 51 + (n + 4)/y prime?
False
Suppose -19015 = -17*l + 210876. Is l composite?
False
Let j(a) = 2168*a - 21. Is j(3) a prime number?
False
Suppose -9*z + 351599 + 11407 = 0. Suppose -11099 + z = 15*m. Is m a prime number?
True
Suppose 2*c - 148 = 4*r, -r + 78 - 226 = -2*c. Suppose -c*y = -73*y - 629. Is y composite?
True
Let p be 28/42 - (-14)/6. Suppose 0 = -p*r - 3*r - 384. Let f = r - -119. Is f prime?
False
Suppose 0 = 4*c - 4*r - 112, 4*r = 5*c - 0*r - 142. Let n = c - 21. Let h(m) = 24*m - 11. Is h(n) a composite number?
True
Suppose -21 = -3*c + 12. Suppose -14*o + 4572 = -c*o. Suppose 3*s + s - o = 0. Is s composite?
True
Let k = -114 - -121. Is ((-3)/(12/(-454)))/(k/42) composite?
True
Let p = 79198 + -30983. Is p composite?
True
Let j = 6 - 3. Let w = 121 + -79. Suppose -j*u = -837 - w. Is u a prime number?
True
Suppose 4 = 2*s, -13*x + 15*x + 4*s - 40162 = 0. Is x a prime number?
False
Suppose 0 = -3*z + 438 + 564. Suppose u = 3, 0*c - 2*u - z = -2*c. Let y = c - 25. Is y a prime number?
False
Let t(i) = i**2 - 14*i + 17. Let d be t(13). Suppose 5*u - 920 = -5*x, 8*x + d*u - 923 = 3*x. Is x composite?
True
Suppose -19*l - 3008 = -9259. Is l prime?
False
Let g = 6 - 10. Let s be (8/(-3))/(g/(-978)). Is s/(-6)*(-3)/(-2) a composite number?
False
Let j(p) be the first derivative of p**5/5 - 5*p**4/24 + 11*p**3/3 + 10. Let l(w) be the third derivative of j(w). Is l(9) a composite number?
False
Let c = -13397 + 50614. Is c a prime number?
True
Suppose 5*h = 2*u - 471, 5*h + 104 = u - 144. Is u a composite number?
False
Let k(r) = 6*r - 15. Let v be k(10). Let g = v - -88. Is g a prime number?
False
Is (2 + 39/(-21))*295981 a composite number?
False
Suppose w = -3*w. Suppose 0 = -4*u - 3*l - 63, w = -u - l - l - 22. Is (-954)/u - (-1)/(-2) prime?
True
Suppose 10*w = 3*w. Is 8/((-48)/522)*(w - 1) a composite number?
True
Suppose -5*j = 3*w + 129 + 40, 3*j - 5*w = -81. Suppose -40 = 2*c + 3*b - 7*b, -3*c - 45 = -3*b. Let s = c - j. Is s composite?
True
Suppose -p + 243 + 177 = 5*j, 0 = -j + 3. Let w = 206 + p. Is w a composite number?
True
Suppose -7*z + 11*z = b - 17843, -b = 3*z - 17843. Is b prime?
False
Let z be (10 - 11)/((-2)/(2/1)). Is (-24 - -23)/((-1)/4*z) a prime number?
False
Let m(t) = -t**3 + 4*t**2 + t - 1. Let p be m(4). Suppose o + 2*v = 149, -o + 596 = p*o + 3*v. Is o a prime number?
True
Is -3 + ((-786)/(-15))/(7/1960) composite?
False
Suppose 25576 = 2*p + 3*o, -4*p + 7*p - 2*o - 38377 = 0. Is p a composite number?
False
Let n be 1/2 - (-182)/4. Let l = 9 + n. Is (9 - l)*1/(-2) prime?
True
Let b(m) = 356*m**2 + 22*m + 71. Is b(-5) composite?
False
Let a(m) = 343*m**2 - 2*m - 6. Let l be a(3). Let d = -1974 + l. Is d a composite number?
True
Suppose -2*i + 5446 = -0*i. Suppose r - i = -6*r. Let t = 546 - r. Is t prime?
True
Let a(r) = 2*r**2 + 4*r + 2. Let b be a(-2). Suppose -b*c = 1 - 7. Suppose 5*v + 3*s = 1589, 0 = v - c*s - 0*s - 325. Is v composite?
True
Is (-9 - (5 + -4)) + 10164 a prime number?
False
Suppose 508 = 4*g - 0. Is g composite?
False
Let q be -10 + 5 + (4 - 6). Let l = q + 7. Suppose 3*j - 411 = -5*z - j, l = -5*z - 3*j + 407. Is z a prime number?
True
Let y(o) = o**2 + o + 11. Suppose 0 = 4*i + 12 + 8. Let v(d) = -d**2 - 2*d + 3. Let h be v(i). Is y(h) composite?
True
Is 1361 + (-6)/(-4) + 24/(-16) a prime number?
True
Suppose 6488 + 65241 = 7*x. Is x a prime number?
True
Suppose 2*q + 3*d + 25 = 0, 10 = q - d - 2*d. Let f = -3 - q. Is 210/2 - f*1 composite?
False
Let g(t) = 2*t**2 + 5*t - 6. Let p be ((-3)/(-2))/(2/36). Suppose -5*c + 4*w - p = 0, 5*w + 4 + 6 = 0. Is g(c) prime?
False
Suppose 0*d + 2 = d. Suppose -3*f + 2*f = -d. Suppose 0 = f*i + 2*i - 536. Is i prime?
False
Suppose -10*v + 6*v - 55826 = -2*n, -139600 = -5*n + 3*v. Is n prime?
False
Suppose 57 = -3*l - 5*d, -4*l + 3*d - 33 = -l. Let n = 23 + l. Suppose -23 = -2*j - n. Is j composite?
False
Let b(y) = y**3 + y + 97. Let z be b(0). Suppose 0 = -w + 4*c + z, 2*w = -3*w + 4*c + 469. Suppose w = -4*h + 281. Is h a composite number?
False
Let x = 1829 - -7934. Is x composite?
True
Suppose 5*z - 17 = -4*q, -5*z = -5*q - 17 - 18. Let m = z - 7. Is m/(-4)*(409 + 1) a composite number?
True
Suppose -4*b = -33 + 9. Suppose 3*d - 129 - 156 = 0. Suppose -b*x + x = -d. Is x a composite number?
False
Let n(o) = -o**3 - 7*o**2 - 14*o - 12. Let f be n(-8). Suppose -u - 5*z + f = 0, 2*u - 4*z = 255 + 59. Is u prime?
False
Let r be -2*1/3*-6. Suppose 43*u + 170 = 77*u. Suppose r*g - 670 = -4*c + 314, -226 = -c - u*g. Is c composite?
False
Let i be -4*(4 + 57/(-12)). Suppose -3 = -i*l + 3, m - 16 = -4*l. Is (8/m)/(2/434) prime?
False
Suppose 5*a - 2*v = -3*v + 30711, 0 = -a + 4*v + 6159. Is a composite?
False
Let s(g) = 2*g**3 + 24*g**2 - 46*g + 49. Is s(28) composite?
True
Let a = 71083 + -38970. Is a a composite number?
True
Suppose -15*f + 3*f = 84. Let s(g) = g**2 - 3*g - 17. Is s(f) a prime number?
True
Suppose 10 = -3*w + 55. Let z be (-6)/(-10) + 11781/w. Suppose 2*f - 5*a - z = 0, -6*f + 1217 = -3*f + 2*a. Is f a composite number?
True
Let g(p) = p**3 - 4*p**2 - 5*p + 6. Let f be g(5). Suppose -5*c + f = -4. Suppose 2*l + 1 = y - 36, 3*y - c*l - 99 = 0. Is y a prime number?
True
Suppose -2*n + 4*h - 296 = 0, -3*n - 85 = 2*h + 391. Let y = 29 - n. Let v = y - -396. Is v a prime number?
False
Let a(k) = -k**3 - 9*k**2 + 7*k - 21. Let q be a(-10). Is 1682/3*q/6 composite?
True
Suppose 4*f - 4*d = 708, f + 5*d = d + 182. Is f a composite number?
True
Let b be (-2 + -10)/((-3)/2). Suppose -2 = -5*a + b. Suppose a*t - 3647 = -1449. Is t prime?
False
Let a(u) = -3*u**2 + 2*u - 1. Let l be a(-3). Let z = l - -34. Let b(g) = g**2 - g + 337. Is b(z) prime?
True
Suppose 5*x + 13 + 142 = 5*n, 5*n - 20 = 0. Let m be ((-2)/(-2) - 3) + -76. Let u = x - m. Is u a composite number?
True
Let b(o) = -o + 1. Let x(c) = -117*c + 8. Let m(p) = -6*b(p) + x(p). Let y = -9 - -8. Is m(y) prime?
True
Let k be 10/(-15) - 11/(-3). Suppose -h + 4*o = -46, 5*o + 8 = k*o. Let t = 61 - h. Is t prime?
True
Let r = 20 + -13. Suppose 5*p - 3*m = -2*m + 43, -p - 5*m = r. Is 33/44 - (-586)/p composite?
True
Suppose -3*r + 8*r - 15 = 0. Let p = r - -1. Suppose 0*l - 4*l = -p*d + 864, 4*d + 4*l - 824 = 0. Is d a composite number?
False
Let d be ((-3)/2)/(39/(-52)). Suppose 3*s = -3, d*b - 4*s - 781 = -b. Is b a prime number?
False
Let h(j) = 2*j**2 + 4*j + 53. Let w(t) = -t**2 - 2*t - 26. Let c(s) = 3*h(s) + 5*w(s). Is c(-24) prime?
True
Let p(l) = -44*l. Let r be p(-2). Suppose 5*d + r - 321 = -2*u, 471 = 4*u + 5*d. Is u a prime number?
False
Let a(y) = -76*y**3 - 4*y**2 + 4*y - 5. Let j(s) = -76*s**3 - 5*s**2 + 4*s - 6. Let f(i) = -7*a(i) + 6*j(i). Is f(3) prime?
False
Suppose -4*y + 23 = 3*b, -b + 5*y + 0 = 5. Suppose -2*u = 3*v - 23, 2*u - 42 = b*v + 21. Suppose 2*n = 3*n - u. Is n prime?
True
Let w = 35 - 20. Let v be (w + -2)/(2/68). Let p = 231 + v. Is p a prime number?
True
Let w(p) = 26*p - 38. Let t be w(15). Suppose -n + 342 = -t. Is n prime?
False
Let r = -6 + 8. Suppose 0 = -5*o - u + 1111, 2*u - 344 = -r*o + 94. Is o a prime number?
True
Let s(c) be the second derivative of 41*c**3/6 + 73*c**2/2 + 37*c. Is s(12) prime?
False
Suppose 4*v - 1147 = 3*q, 4*v + 3*q - 1141 = -0*v. Suppose -3*f + v = -491. Is f a prime number?
False
Let z(a) = 4*a**3 + a**2 + a - 1. Let l be z(1). Suppose -l*b + b = -5924. Is b prime?
True
Let s(w) = w**3 - 14*w**2 + 13*w - 6. Let m be s(13). Let z(i) = -i**3 - 8*i - 7. Is z(m) composite?
False
Let u(a) = 5*a**2 + 5*a - 3. Let x(g) = g**2 + g. Let c(r) = u(r) - 3*x(r). Let f be (-39 + 33)/(-1 + 1/(-2)). Is c(f) prime?
True
Suppose 5*s + 4183 = 413. Let f = 1341 + s. Is f composite?
False
Suppose 6*w + 34 = 82. Suppose w*x - 3424 - 152 = 0. Is x composite?
True
Let m(w) = w**2 + 3*w - 3. Let h be m(-3). Let o(x) be the first derivative of 19*x**3/3 + x**2 - 4*x - 1. Is o(h) a prime number?
False
Suppose 2*t + 34 - 10 = 0. Let h(x) = 5*x**2 - 12*x + 23. Is h(t) composite?
False
Let d(m) = -10*m**3 + m**2 - 11*m - 5. Suppose 15*c + 12 = 12*c. Is d(c) a composite number?
True
Let b be 2*5/20*3566. Suppose 5*c + b = 3*d - 105, 3*d - 2*c = 1891. Is d a composite number?
